 divided by 32 - (w + 4)*0?
30
Let m = 45 + 11. Let t = m + 3. Suppose -c - 4*h = -29, h + 16 = -c + 6*h. Calculate the remainder when t is divided by c.
5
Suppose -3*b + 4*q = -79195, 3961*b + 3*q - 26368 = 3960*b. Calculate the remainder when b is divided by 58.
57
Suppose -11*l + 14*l = 45. Suppose -3 = -a - 2*m + l, -4*a - 4*m + 60 = 0. Suppose b - 46 + a = 0. What is the remainder when b is divided by 7?
6
Let x be 2*2 - (-5 - -6). Suppose -w - 4*w - 414 = -x*n, w = -n + 146. Suppose -n = -8*c - 47. Calculate the remainder when 81 is divided by c.
9
Let q = -7670 + 7740. Calculate the remainder when 488 is divided by q.
68
Let d be -1*-61*1 + 18 + -15. Calculate the remainder when d - (-2 + 2 + (-8)/(-4)) is divided by (18 - 22)*(-8 + 0).
30
Suppose 2*v - 4 = -12, -2*x + 5*v + 918 = 0. What is the remainder when x is divided by 116?
101
Suppose 0 = -w - 2*v + 9, 3*v = -w + 2*w + 1. Suppose 2*l + 124 = 4*j, -5*l = w*j + 252 + 13. What is the remainder when 1/3 - l/3 is divided by 10?
9
Suppose 0 = -4*h - 80 + 120. What is the remainder when 17 is divided by (-9)/6 - (-105)/h?
8
Suppose -j = -4*v + 7, -3*v + 4*j + 3 = j. Suppose -4 = 3*y - 82. What is the remainder when (-94)/v*(-1)/(-2)*-2 is divided by y?
21
What is the remainder when (-15 - (-1420)/100)/((-2)/535) is divided by 38?
24
Suppose -c + 304*y + 97 = 308*y, 4*c - 4*y = 388. What is the remainder when 590 is divided by c?
8
Suppose 4*t = -7 + 103. Suppose 0 = -7*y + 53 + t. Suppose -y*i + 117 + 246 = 0. What is the remainder when 63 is divided by i?
30
Suppose 9*i + 1244 = 74. Let a = i + 135. What is the remainder when a is divided by 3?
2
Suppose 958*l - 207 = 955*l. Calculate the remainder when 153 is divided by l.
15
Suppose -17 = -c - 10. Let l(z) = -2*z**3 - 10*z**2 + 22*z - 22. Calculate the remainder when l(-7) is divided by c.
6
Suppose k = -5*u - 27 + 124, -5*k - u + 653 = 0. Calculate the remainder when k is divided by 16.
4
Let v(n) = -8*n + 30. Let r be v(10). Let g be (-1 + 2)/(2/r*1). Let y = 53 + g. Calculate the remainder when y is divided by 6.
4
Let g = 1441 + -888. Let s = g - 500. Calculate the remainder when 421 is divided by s.
50
Suppose -4*x = 5*g - 58, 4*x + 54 = g + 2*g. Calculate the remainder when 327 is divided by 156/g - (-17)/(-119).
8
Let t(j) = -11*j - 16. Let w be t(-11). Let u = 243 - w. Calculate the remainder when u is divided by 47.
44
Let k(w) = w - 2. Let x be k(4). Suppose -4*l + 90 = 5*r, x*l - 32 = 2*r + 22. Calculate the remainder when l is divided by 1794/299 - ((-1)/5 + (-60)/75).
4
Suppose 5*j - 2*h + 5*h = 5217, -3*j = -4*h - 3165. What is the remainder when j is divided by 42?
39
Calculate the remainder when 5/7*1039*1 + (-804)/(-938) is divided by 244.
11
Suppose -169690 = -20*g - 4*g + 101294. Calculate the remainder when g is divided by 353.
348
Let p(j) = -2*j + 35. Let d be p(20). Let o be 7 + -3 + (d - (0 - 2)). Let c = o - -4. Calculate the remainder when 64 is divided by c.
4
Let h(l) = l**3 + 17*l**2 + 35*l + 35. Calculate the remainder when h(-3) is divided by 30.
26
Let l be 1 - (42/6 - 4). Let h(d) = -45*d - 6. Calculate the remainder when 167 is divided by h(l).
83
Let h(f) = f**3 - 12*f**2 - 50*f + 714. Let o = 15 - -33. Let v = 70 - o. What is the remainder when h(11) is divided by v?
21
Let i(s) = -61*s - 3. Let w be i(3). Let t = w + 102. Let d = 38 - t. What is the remainder when d is divided by 31?
29
Let u(r) = 2*r - 34. Let c be u(18). Suppose -c*n - 70 = -66. What is the remainder when 85 - (16/12 + n)*3 is divided by 15?
12
Suppose -2555*g - 1627 = -2594*g + 401. Let v be (-64)/10 + 4/10. Let b(t) = -t + 5. What is the remainder when g is divided by b(v)?
8
Suppose -4*h = a + 1833, 1527 = -4*h + 5*a - 276. Let l = 484 + h. What is the remainder when 188 is divided by l?
26
Suppose -64*w = 3*w. Suppose v + 3*d = w, d = -v + 5*v - 39. Calculate the remainder when 14 is divided by v.
5
Suppose 0 = 50*r + 357 - 657. Calculate the remainder when 42 is divided by r.
0
Suppose -7 + 19 = 3*x. Suppose x*o - 151 = -79. What is the remainder when 105 is divided by o?
15
Suppose 0 = -0*o - o + 16. Let i(x) = -76*x**2 + 20*x - 4. Let c be i(-2). What is the remainder when 83 + c/84 + 2/14 is divided by o?
15
Suppose 9*y = 4*y - 2*o + 71, y - 2*o - 7 = 0. Suppose -k + 4 = -y. Calculate the remainder when k is divided by -2 + 5 - (-7 - 1).
6
Let t = 17237 + -17225. Suppose h = 42 + 3. What is the remainder when h is divided by t?
9
Suppose -2*t + 2*v = -636, 5*t = v + 1352 + 226. What is the remainder when 1545 is divided by t?
285
Let b be (123/(-12) + 4)/(2/(-24)). Suppose 3*i + b = 8*i. Calculate the remainder when -6*(-6)/(-9)*-14 is divided by i.
11
Let q be ((-726)/(-7))/((-132)/(-42) - 3). Let j = -646 + q. What is the remainder when 239 is divided by j?
79
Suppose 0*q + 9 = -q. Let d = 29 - q. What is the remainder when 6 + 7/(-4 + -3)*(-224 + 3) is divided by d?
37
Let u = -80 + 112. Let q be (-35)/(-28)*(1 + -4 - 1). Let y(p) = -18*p - 79. Calculate the remainder when u is divided by y(q).
10
Suppose 0 = 4*j - 362 + 274. Let y(k) = -k**3 + 2*k**2 - 3*k + 3. Let p be y(2). Let x = j - p. What is the remainder when 198 is divided by x?
23
Suppose 0 = 14*c - 185 - 305. Suppose -42*v = -c*v - 224. Calculate the remainder when v is divided by 20.
12
Let p(d) = d**3 - d**2 + d + 30. Let z = 25705 - 25617. What is the remainder when z is divided by p(0)?
28
Let s(n) = -8*n + 25*n - 10*n - 13 + 7*n + 32*n. What is the remainder when s(2) is divided by 11?
2
Suppose 50*f - 1547 - 1896 = 1957. What is the remainder when 849 is divided by f?
93
Let m(l) = 7*l + 4. Let w(i) be the second derivative of -i**4/12 + 3*i**3 + 7*i**2/2 - i. Calculate the remainder when w(8) is divided by m(2).
15
Let f(a) = a**3 - 68*a**2 + 67*a + 9. What is the remainder when 439 is divided by f(67)?
7
Let z = -626 + 649. Suppose 3*t - 3*g = 48, 3*t + g = -2*t + 86. Let j(f) = -f**2 + 22*f - 42. Calculate the remainder when j(t) is divided by z.
20
Let p(v) = 17*v**2 + 25*v + 52. Calculate the remainder when 1992 is divided by p(-4).
200
What is the remainder when (((-438)/(-60) - 4)*2)/(36/1020) is divided by 2/12*4*57?
35
Let f(t) = t**2 + t - 4. Let y(z) = z + 8. Let s be y(18). Let l = 30 - s. What is the remainder when f(l) is divided by 5?
1
Let k(d) = -431*d + 8624. Calculate the remainder when 6637 is divided by k(20).
1
Suppose v + 4*n - 250 = 0, 307 = 5*v + n - 943. What is the remainder when v is divided by 81?
7
Calculate the remainder when 744 is divided by (56/(-5))/((-1072)/840 + (-40)/(-35)).
72
Let h be 1/15*3*(1 - -44). Suppose -h*z + 17073 = 54*z. What is the remainder when z is divided by 47?
36
Let c be 4/18 + (-1900)/(-72)*2. Let h(l) = -23*l - 3*l - 3 + 52*l + c*l. Calculate the remainder when h(1) is divided by 26.
24
Let k = -59 + 143. Suppose -573 = -4*q + 1507. Let a = 537 - q. Calculate the remainder when k is divided by a.
16
Suppose -15*m + 4*m = -33. What is the remainder when (1 - 118)/((-3)/(9/m)) is divided by 6?
3
Suppose -4*v + 4*j - 1136 = 0, v + 2*j = -313 + 41. Let p = v - -412. Calculate the remainder when p is divided by 30.
12
Let x(m) = 2*m**2 - 123*m + 1265. What is the remainder when 2057 is divided by x(12)?
55
Let k = -2668 - -5366. What is the remainder when k is divided by 20?
18
Let i(w) = -w**3 - 14*w**2 - 15*w - 47. Let l be i(-15). Let a = l - 369. Let h = 398 + -264. What is the remainder when h is divided by a?
32
Suppose h - 3 = 4*x + 31, -5*x = -4*h + 81. Suppose 0 = -16*q - h*q + 1500. Calculate the remainder when 94 is divided by q.
44
Let l(f) = 6*f - 15. Calculate the remainder when -17 + (10 - 2) + 4 + 758 is divided by l(7).
24
Let z = 126 + -97. Suppose -1 + 6 = 5*n. What is the remainder when 30/(-10) + 58*n is divided by z?
26
What is the remainder when 349 is divided by (927 + -868)/(1/(0 - -1))?
54
What is the remainder when 8 - -288 - 66/(-33) is divided by 30?
28
Let s(i) = -i**3 - i - 2. Suppose 1 + 5 = -3*t. Let y(z) = -2*z - 8. What is the remainder when s(t) is divided by y(-5)?
0
Suppose -55*j + 19789 = -32*j - 47509. Calculate the remainder when j is divided by 16.
14
Suppose 12*v - 18 = -306. Let i(d) = -d + 254. Calculate the remainder when i(v) is divided by 70.
